remainder when a(-5) is divided by 13.
11
What is the remainder when 16 + 0 - (0 + 3) is divided by 7?
6
Suppose 3*k = -4*a + 23, 0 = -4*k - a + 3 + 6. Suppose -4*o - s + 6 = -2*s, 3*o = -2*s + 10. What is the remainder when o is divided by k?
0
Suppose -9*j = -6*j - 33. What is the remainder when 30 is divided by j?
8
Suppose 5*q - 88 = -3*a, 0 = a + 3*a - 4. Calculate the remainder when 82 is divided by q.
14
Let g be (-2 - 10/8)*-1004. What is the remainder when (-2)/10 + g/65 is divided by 17?
16
Suppose 3*i + 0*z = 2*z + 21, -4*i - z = -17. Calculate the remainder when -2*(-2 - 3) - -3 is divided by i.
3
Let l = -1 + 8. Let g(t) = -t**2 + 6*t + 10. Let j be g(l). What is the remainder when 31 is divided by -3 + -2 + j + 18?
15
Suppose 6 = 3*q - 15. Suppose 3 - 19 = 4*r. What is the remainder when (r/(-8))/((-2)/(-76)) is divided by q?
5
Let i = -32 - -37. Calculate the remainder when 8 is divided by i.
3
Let m = 6 + -4. Suppose -3*q - 150 = -5*t, -3*q + 30 = -m*t + 3*t. Suppose -3*w = -5*w + 16. What is the remainder when t is divided by w?
6
Let y(k) = 2*k**2 + 3*k + 3. Let f(h) = h + 7. What is the remainder when y(-5) is divided by f(6)?
12
Let l(i) = i**3 - i**2 + 3. Let j be l(0). Let z = j + 13. What is the remainder when 45 is divided by z?
13
Suppose 0 = 8*c - 33 - 79. Calculate the remainder when 24 is divided by c.
10
Let g = -4 - -4. Let q(l) = l**3 - l**2 + 4. Let t be q(g). Suppose d = -d - 4, 3*d = -t*y + 14. Calculate the remainder when y is divided by 3.
2
Let i(v) = -v**2 + 8*v - 7. Let j be i(6). Suppose -j*c + 11 = -k, -5*k = -2*c - 3*c - 5. What is the remainder when (-14)/(-3 - (-3 - -2)) is divided by c?
1
Suppose -j - 1 = -19. Suppose 0 = x - i - 3*i - j, 0 = x - 3*i - 16. Calculate the remainder when x is divided by (42/(-14))/(-2 + 1).
1
Let z(w) = -w**3 + 7*w**2 - 7*w + 2. Calculate the remainder when 134 is divided by z(3).
15
Suppose 3*r - 2*t - 38 = 14, -3*t = 4*r - 58. What is the remainder when 205 is divided by r?
13
Let a(r) = -r**3 - 4*r**2 + 4*r + 3. Let z(t) = -2*t + 7. Let d be z(6). Calculate the remainder when a(d) is divided by 3.
2
Suppose 0 = 4*x - 5*x + 2*a + 10, 4*x = 3*a + 15. Suppose -q = -3*y - 32, x*y = y + 5. Calculate the remainder when 48 is divided by q.
14
What is the remainder when 79 is divided by (-3)/9*-2*(0 + 24)?
15
Suppose 0 = -66*c + 69*c - 51. Calculate the remainder when 63 is divided by c.
12
Suppose -v - v + 4*n = -10, -2*n = -3*v + 11. What is the remainder when 7 is divided by v?
1
Let i = -2 - -2. Let t = 12 + i. Suppose 3*u - t = 24. Calculate the remainder when u is divided by 7.
5
Suppose 0*x + 4*x = -5*t + 39, 3*x - t - 15 = 0. Suppose 4*l = 5*p - 109, 2*p + 5*l - 41 = 4*l. What is the remainder when p is divided by x?
3
Let v(y) = -6*y - 3. Suppose 2*w + u + 10 = -3*u, 4*w - u + 11 = 0. Calculate the remainder when v(w) is divided by 9.
6
Suppose -2*k = c - 6 - 8, 3*k + 23 = 4*c. What is the remainder when 14 is divided by c?
6
Let r = 41 - 38. What is the remainder when 5 is divided by r?
2
Let x(g) = 5*g - 16. What is the remainder when 24 is divided by x(5)?
6
Let i be 3*((0 - 1) + 3). Suppose 2*s = i*s - 24. Let c = -1 + 11. What is the remainder when c is divided by s?
4
Let t = 3 - -1. Suppose 4*k = -2*h + 7*h + 45, 5*h = -t*k + 75. What is the remainder when k is divided by 4?
3
Let f be 4/(2*(-4)/(-16)). Suppose 0 = -4*t + 4*q, f*q = 5*t + 4*q - 4. Calculate the remainder when 10 is divided by t.
2
Suppose 3*m = -m + 240. Suppose 8*y - 3*y - m = 0. What is the remainder when 57 is divided by y?
9
Suppose 0*n - y = n - 16, 3*n = -4*y + 52. Calculate the remainder when 21 is divided by n.
9
Let x(y) = -y**2 - 11*y - 5. What is the remainder when 67 is divided by x(-7)?
21
Let r = 35 + -19. Let c(d) = -d + 4. Let v be c(2). Suppose v*k - 24 = -4*n, k + 2*n - 21 = -3*n. What is the remainder when r is divided by k?
4
Let g = 92 - 18. Calculate the remainder when g is divided by 25.
24
Let v = -2 - -5. Let i = -17 + 28. Calculate the remainder when i is divided by v.
2
What is the remainder when 27 is divided by ((-90)/(-42))/(3/21)?
12
Suppose -4*n = -14 - 14. Calculate the remainder when 13 is divided by n.
6
Let h = 493 - 343. What is the remainder when h is divided by 51?
48
Suppose -w + 4*w + 3*p = 78, 2*w - 52 = 2*p. Let c be ((-4)/(-6))/((-1)/(-15)). Let o = 19 - c. What is the remainder when w is divided by o?
8
Let v be ((-7)/(-2))/((-3)/(-6)). Let r = v - 12. Let u(c) = -c**3 - 5*c**2 - 2*c + 5. What is the remainder when 29 is divided by u(r)?
14
Let v = 41 + -3. What is the remainder when v is divided by 8?
6
Let d be -1*(-1)/(-2)*-2. Let n(o) = 26*o - 1. Calculate the remainder when n(d) is divided by 7.
4
Suppose 3*d - 69 = 72. Suppose 1 = -2*b + 7. Suppose 3*i + 36 = b*l - 0*l, -4*i = 5*l - 60. What is the remainder when d is divided by l?
11
Let l = -1 + 7. Suppose k = 1, -5*v = 2*k + 2*k - 84. Calculate the remainder when v is divided by l.
4
Let w = -6 - -10. Let x(l) = -l**3 + 5*l**2 + 2*l + 5. Calculate the remainder when x(w) is divided by 8.
5
Let l(m) = 9*m**2 + 3*m - 2. Calculate the remainder when l(2) is divided by 4/6 - (-61)/3.
19
Let g(p) = -5*p**2 - 7*p - 8. Let u(a) = 4*a**2 + 6*a + 7. Let j(l) = -5*g(l) - 6*u(l). Calculate the remainder when j(-6) is divided by 497/35 - 3/15.
12
Suppose 4*u = 3*d + 61 - 6, -3*u = 5*d - 5. Let y be 4/2 + (2 - 10). Let a(o) = o**3 + 7*o**2 + 2*o + 5. What is the remainder when a(y) is divided by u?
9
Let l(f) = f**2 + 3. Let c = 125 - 2. Let a = -88 + c. Calculate the remainder when a is divided by l(3).
11
Let c(y) = y**2 - 4*y + 14. Calculate the remainder when c(3) is divided by 9.
2
Suppose -3*v = -9, w + 3 = -2*w + 5*v. Suppose 0 = 3*d - 3*o - 117, 5*d - 3*d + w*o = 78. Calculate the remainder when d is divided by 10.
9
Suppose -f + 2*f = 13. Calculate the remainder when ((-63)/12 - 1)*-4 is divided by f.
12
Suppose 6*b - 3*b - 90 = 0. What is the remainder when b is divided by 17?
13
Let i be 1*3 - (9 + -10). Let m = i - 4. Suppose 46 = 2*s + 4*a, -3*s + m*a + 2*a = -61. Calculate the remainder when s is divided by 12.
9
Let c be 1/5 + (-42)/10. Calculate the remainder when (74/c)/((-2)/4) is divided by 13.
11
Suppose -3*z = -7*z + 8. Suppose -3*q + z = -q. Calculate the remainder when q is divided by 1.
0
Let a(m) = m**3 - 5*m**2 + 2*m - 1. What is the remainder when 86 is divided by a(5)?
5
Let y = -49 + 76. Calculate the remainder when (-4 - -1)/(y/(-414)) is divided by 16.
14
Let y = 34 + -20. What is the remainder when 21/(-49) - 283/(-7) is divided by y?
12
Let u = 2 + 0. Let n = u + 19. Let v(c) = -c + 2. Calculate the remainder when n is divided by v(-9).
10
Let i(o) = -o**3 + 6*o**2 + 1. Let w be i(6). Let y be w - 2/4*-2. Suppose 0 = 5*f - y*f - 3. Calculate the remainder when 3 is divided by f.
0
Suppose 6 = 5*q - 3*q. What is the remainder when 10 is divided by q?
1
Let p = 33 + 21. Calculate the remainder when p is divided by 15.
9
Suppose -i = 3*i + 4*b - 8, 5*i - 14 = -4*b. Calculate the remainder when i is divided by 5.
1
Let j(p) = -8*p**2 - 3*p. Let o(x) = 7*x**2 + 3*x. Let y(n) = 6*j(n) + 7*o(n). What is the remainder when y(-4) is divided by 3?
1
Let n(v) = 0 + 2*v**2 + 3*v - 1 + 0*v**2. What is the remainder when 50 is divided by n(3)?
24
Suppose -496 = -8*n + 192. What is the remainder when n is divided by 11?
9
Let k = -57 + 110. Calculate the remainder when k is divided by 9.
8
Suppose -x - 40 - 54 = 0. Let c = x - -135. What is the remainder when c is divided by 14?
13
Let i(b) = 1 - 16*b + 0 + 2*b. Let q(s) = s**3 + 2*s**2 - 1. Calculate the remainder when i(-3) is divided by q(2).
13
Let m = 1 + 1. Let c(t) = t + 14 - m*t + 1. What is the remainder when 12 is divided by c(8)?
5
Let i(u) = u**3 + 11*u**2 + 6*u - 2. Calculate the remainder when 149 is divided by i(-10).
35
Suppose -h - 5*r + 59 = 0, 2*h - 2*r = 3*r + 88. What is the remainder when h is divided by 17?
15
Suppose 3*l + 10 = -2*c, l = c - 0*c + 5. Suppose -4*b + 196 = 2*d - 3*b, l = 2*b. Calculate the remainder when d is divided by 25.
23
Suppose -3*w + 3*d - 4*d - 210 = 0, -4*w + 2*d - 280 = 0. What is the remainder when 30*7/(w/(-4)) is divided by 3?
0
Suppose -7*s + 38 = -109. What is the remainder 